**2 - v. Let w = -3 + 1. Calculate the remainder when y(w) is divided by p(-1).
10
Suppose b = -3*m + 13, m = -m + 3*b + 27. Suppose 2*s + 76 = m*s. Calculate the remainder when s is divided by 10.
9
Suppose -3*n - 4*d + 4 = 0, 4*n - d - 52 = 3*d. Let y(z) = -z**3 - 6. What is the remainder when 486/n - (-1)/4 is divided by y(-3)?
19
Suppose 13*n - 99 = 5. What is the remainder when (-1)/(1 - 28/26) is divided by n?
5
Suppose -4*a + 2*u = -76, a + 4*u - 7 - 3 = 0. Calculate the remainder when 70 is divided by a.
16
Let v be -4 + 5 + (-38)/1. Let l = 65 + v. Suppose -5*w + 3*w + 30 = 0. What is the remainder when l is divided by w?
13
Let d = 33 + -14. Calculate the remainder when 111 is divided by d.
16
Let o(v) = 12*v**2 + 1. Calculate the remainder when 38 is divided by o(-1).
12
Suppose 0 = -s - 5*s + 30. Suppose -2*b + 10 = -14. Calculate the remainder when b is divided by s.
2
Suppose -17 = -3*m - 3*p + 2*p, -4*m + 5*p = -48. Calculate the remainder when 6/4*(-22)/(-3) is divided by m.
4
Let u(j) = -4*j**2 - 4. Let q(b) = 4*b**2 + b + 5. Let r(k) = -3*q(k) - 4*u(k). Calculate the remainder when r(-3) is divided by 16/(-3)*(-9)/4.
10
Let j = 41 - 10. What is the remainder when j is divided by 17?
14
Let l = 23 + -13. Calculate the remainder when 49 is divided by l.
9
Let l(u) = 21*u + 3. Suppose 0*w - 5*n = w - 12, 0 = -5*w - 2*n + 106. Calculate the remainder when l(4) is divided by w.
21
Calculate the remainder when (-4 - 26)/(4/(-10)) is divided by 26.
23
Suppose 0 = -5*q - 13 + 38. Suppose 368 = q*u - 182. Calculate the remainder when u is divided by 28.
26
Let g(l) be the first derivative of -l**4/4 + 2*l**3 + 4*l**2 + 6*l - 2. What is the remainder when 38 is divided by g(7)?
12
Let x = 316 + -212. What is the remainder when x is divided by 28?
20
Let w(t) = -t**3 - 5*t**2 - 5*t - 2. Suppose 4*m + 16 = n, -3*m - 24 = m + n. What is the remainder when w(m) is divided by 8?
7
Let z(k) = 3*k + 1. What is the remainder when z(8) is divided by 13?
12
Let u = 11 - 6. What is the remainder when 7 is divided by 77/35 + (-1)/u?
1
Let h be 0/((-2 + 0)*-1). Suppose 0 = -3*m - 5*j - 2, h = -2*m + 3*j + 24. What is the remainder when 17 is divided by m?
5
Suppose 53 = 4*m + 25. Calculate the remainder when m is divided by 6.
1
Let i be 2/(-4) - 44/8. Let w be (16/(-12))/(4/i). Suppose -d + 5*d - w*j = 40, -4*d - 4*j = -52. Calculate the remainder when 32 is divided by d.
10
Let i(y) = -y**2 + 12*y - 17. What is the remainder when 58 is divided by i(8)?
13
Calculate the remainder when 22 is divided by (-2)/(-12) + 2/12*47.
6
Calculate the remainder when 401/7 + (-6)/21 is divided by 15.
12
Let f = -57 - -96. Let g = f + -16. Calculate the remainder when g is divided by 8.
7
Let j = -6 + 10. Suppose j*z + 9 = -m + 58, -23 = -2*z - m. What is the remainder when 37 is divided by z?
11
Let t = -70 - -96. What is the remainder when 51 is divided by t?
25
Suppose 0 = -4*n - 16, 2*h + 6 = -2*n + 2. Suppose -d + 4*c - 10 - 3 = 0, -c + 10 = 2*d. Suppose -d = -u + 1. Calculate the remainder when u is divided by h.
0
Calculate the remainder when ((-77)/21)/(1/(-2 + -7)) is divided by 12.
9
Let m(o) be the third derivative of 5*o**4/24 - o**3/6 + 2*o**2. Let w be (-2)/((-2)/2) - -1. Calculate the remainder when m(w) is divided by 5.
4
Suppose 4*n + 7 + 12 = w, 4*n + 8 = 0. What is the remainder when 30 is divided by w?
8
What is the remainder when 94/6 - (-2)/6 is divided by 260/25 + 8/(-20)?
6
Let o = -45 + 65. Calculate the remainder when 78 is divided by o.
18
Calculate the remainder when (-2)/((-45)/82 + 3/6) is divided by 9.
5
Suppose 4*x = 5*x - 8. What is the remainder when 61 is divided by x?
5
Let o(c) = -c**3 - 5*c**2 - 5*c - 1. Let d be o(-4). Let q(w) = 7*w - 2. What is the remainder when 37 is divided by q(d)?
18
What is the remainder when 44 is divided by ((-138)/(-42) - 3) + (-136)/(-14)?
4
Let z(v) = -126*v - 1. Let o be z(-1). Suppose -2*q + 5*q - 94 = -5*u, 0 = -5*q - 2*u + o. Calculate the remainder when q is divided by 12.
11
Let d(f) = -4*f + 7. Calculate the remainder when d(-9) is divided by 15.
13
Let j(z) = -z**2 - 11*z - 13. Let q be j(-9). Let n(f) = -2*f - f**3 + 8*f**2 - 6 - 2*f**2 - f. What is the remainder when 14 is divided by n(q)?
2
Let a(z) = -z**3 + 21*z**2 + 50*z + 54. Calculate the remainder when a(23) is divided by 50.
46
Let f = -14 + 22. Let g = 86 + -65. Calculate the remainder when g is divided by f.
5
Calculate the remainder when (-10)/(-5) + 165/3 is divided by 15.
12
Let k = 49 - 32. Suppose h = 4*y - 10, 0*h + 10 = y - 4*h. Calculate the remainder when k is divided by (9/y)/((-4)/(-8)).
8
Let p(s) be the first derivative of 2*s**2 - 8*s - 3. Let y(x) = -x**3 - 3*x**2 - 4*x - 1. Calculate the remainder when p(10) is divided by y(-3).
10
Suppose 51 = -v + 63. What is the remainder when 45 is divided by v?
9
Suppose -5 = -4*h + 71. Suppose -q - 4 = -h. Let d = -56 + 84. Calculate the remainder when d is divided by q.
13
Let t(a) = -a**3 + a**2 + 6*a - 5. Calculate the remainder when 18 is divided by t(2).
0
Suppose 3*v + 3 = 4*v. Suppose -5*n + 155 = v*h + 2*h, -4 = -h. What is the remainder when 105 is divided by n?
24
Suppose -3*u + 12 = u - h, 4*h - 20 = -u. What is the remainder when 9 is divided by u?
1
Suppose -6 - 49 = -5*a. Let m = -47 + 50. What is the remainder when a is divided by m?
2
Let j = 12 - -15. Calculate the remainder when j is divided by 10.
7
Calculate the remainder when 89 is divided by (-1 - (-180)/25)*5.
27
Let w = 202 + -95. Suppose -5*l + w = 2*y, 3*l + 0*l + 5*y - 68 = 0. Calculate the remainder when l is divided by 12.
9
Let o be (2 - 0)*(0 - -1). What is the remainder when o + -1 + (-2 - -28) is divided by 7?
6
Let w(k) = 8*k**2 + k. Calculate the remainder when w(-2) is divided by 8.
6
What is the remainder when -4 + 1 - (-178)/2 is divided by 22?
20
Suppose -2*l = l - 9. Suppose 2*k - 25 = -u - 8, l*u + 2*k = 59. What is the remainder when 40 is divided by u?
19
Suppose 0 = 3*h - h - 52. Suppose 4*j = 2*j + h. Suppose d - 26 = -0*d + p, 4*p + 129 = 5*d. Calculate the remainder when d is divided by j.
12
Let m(h) = 3*h**2 + h - 11. Suppose -50 = -4*a + 18. Calculate the remainder when m(-4) is divided by a.
16
Let s(v) = v**2 - 8*v - 11. Calculate the remainder when s(10) is divided by 6.
3
Suppose -2*c + 7 = 1, v + 2*c - 23 = 0. Suppose 3*a - 34 - v = 0. What is the remainder when a is divided by 9?
8
Let d(r) = -r**2 - 10*r - 10. Suppose 4*a - 16 + 208 = 0. Let z = a - -68. What is the remainder when z is divided by d(-7)?
9
Suppose -22*z - 176 = -30*z. What is the remainder when 64 is divided by z?
20
Let n(r) = r - 4. Let s be n(7). Suppose -2 = -y - 4*t, s*y - 2*t + 2 = 4*y. Let p(g) = -g**3 + g**2 - g + 1. What is the remainder when y is divided by p(0)?
0
Suppose -8 = -n - 6. Suppose -4*v - 42 = -5*h, v + 3 = n*h + 4*v. Calculate the remainder when h is divided by 5.
1
Let t(c) = c**3 + 5*c**2 - 2. Let l(f) = -f**3 + 3*f**2 - 4. Let h be l(3). What is the remainder when t(h) is divided by 8?
6
Suppose -11 = -m - 3*l, 5*m + 5*l - 32 = -7. Suppose -m*i + 37 = 3*b, 5*b - 5*i - 21 = 49. What is the remainder when b is divided by (-26)/(-4) + 2/4?
6
Suppose 200 + 31 = 11*t. What is the remainder when 102 is divided by t?
18
Let j be (2 - 1 - 3)*-22. Suppose x = 2*t - 17, -5*t + j = 2*x - 6*x. What is the remainder when 13 is divided by t?
5
Let u = -51 - -92. What is the remainder when 163 is divided by u?
40
Let f(z) = z + 16. Suppose 5*d - 14 = -54. What is the remainder when f(d) is divided by 5?
3
Let x = -4 - -6. Suppose 3*c - 31 = x*c. What is the remainder when c is divided by 11?
9
Suppose 2*s + 140 = 3*u - u, -204 = -3*u - 3*s. Let w = u + -47. What is the remainder when w is divided by 8?
6
Suppose -2*m = 39 + 9. Let t = 40 + m. What is the remainder when t is divided by 6?
4
Suppose w - 1 = 3. Suppose j - 37 = -2*m, -2*j + w*m = 6 - 88. Let t(c) = c**2 + 20. Calculate the remainder when j is divided by t(0).
19
Let s = 42 - 19. Suppose -2*f - 5*v + 4 = -2, f - 2 = -3*v. Calculate the remainder when s is divided by f.
7
Suppose 755 = 7*n - 3*n - z, -579 = -3*n + 5*z. What is the remainder when n is divided by 38?
36
Let z = 19 + -13. Calculate the remainder when 23 is 